{"id":299,"date":"2015-02-12T13:15:16","date_gmt":"2015-02-12T12:15:16","guid":{"rendered":"http:\/\/orcamedien.com\/?page_id=299"},"modified":"2025-05-07T13:06:13","modified_gmt":"2025-05-07T11:06:13","slug":"termine","status":"publish","type":"page","link":"https:\/\/www.yachtclub-laboe.de\/root\/","title":{"rendered":"Termine"},"content":{"rendered":"\n<p><\/p>\n\n\n<style>.kb-row-layout-wrap.wp-block-kadence-rowlayout.kb-row-layout-id299_05481a-54{margin-top:-50px;margin-bottom:0px;}.kb-row-layout-id299_05481a-54 > .kt-row-column-wrap{align-content:start;}:where(.kb-row-layout-id299_05481a-54 > .kt-row-column-wrap) > .wp-block-kadence-column{justify-content:start;}.kb-row-layout-id299_05481a-54 > .kt-row-column-wrap{column-gap:var(--global-kb-gap-md, 2rem);row-gap:var(--global-kb-gap-md, 2rem);padding-top:25px;padding-right:0px;padding-bottom:163px;padding-left:0px;grid-template-columns:minmax(0, 1fr);}.kb-row-layout-id299_05481a-54{background-image:url('https:\/\/www.yachtclub-laboe.de\/root\/wp-content\/uploads\/2019\/04\/IMG_0960-2.jpg');background-size:cover;background-position:center center;background-attachment:scroll;background-repeat:no-repeat;}.kb-row-layout-id299_05481a-54 > .kt-row-layout-overlay{opacity:0.30;}@media all and (max-width: 1024px){.kb-row-layout-id299_05481a-54 > .kt-row-column-wrap{grid-template-columns:minmax(0, 1fr);}}@media all and (max-width: 767px){.kb-row-layout-id299_05481a-54 > .kt-row-column-wrap{grid-template-columns:minmax(0, 1fr);}}<\/style><div class=\"kb-row-layout-wrap kb-row-layout-id299_05481a-54 alignfull kt-row-has-bg wp-block-kadence-rowlayout\"><div class=\"kt-row-column-wrap kt-has-1-columns kt-row-layout-equal kt-tab-layout-inherit kt-mobile-layout-row kt-row-valign-top\">\n<style>.kadence-column299_2fa8b8-ad > .kt-inside-inner-col,.kadence-column299_2fa8b8-ad > .kt-inside-inner-col:before{border-top-left-radius:0px;border-top-right-radius:0px;border-bottom-right-radius:0px;border-bottom-left-radius:0px;}.kadence-column299_2fa8b8-ad > .kt-inside-inner-col{column-gap:var(--global-kb-gap-sm, 1rem);}.kadence-column299_2fa8b8-ad > .kt-inside-inner-col{flex-direction:column;}.kadence-column299_2fa8b8-ad > .kt-inside-inner-col > .aligncenter{width:100%;}.kadence-column299_2fa8b8-ad > .kt-inside-inner-col:before{opacity:0.3;}.kadence-column299_2fa8b8-ad{position:relative;}@media all and (max-width: 1024px){.kadence-column299_2fa8b8-ad > .kt-inside-inner-col{flex-direction:column;justify-content:center;}}@media all and (max-width: 767px){.kadence-column299_2fa8b8-ad > .kt-inside-inner-col{flex-direction:column;justify-content:center;}}<\/style>\n<div class=\"wp-block-kadence-column kadence-column299_2fa8b8-ad inner-column-1\"><div class=\"kt-inside-inner-col\"><style>.wp-block-kadence-advancedheading.kt-adv-heading299_212162-2f, .wp-block-kadence-advancedheading.kt-adv-heading299_212162-2f[data-kb-block=\"kb-adv-heading299_212162-2f\"]{padding-top:50px;padding-right:0px;padding-bottom:0px;padding-left:0px;margin-top:0px;margin-right:0px;margin-bottom:0px;margin-left:0px;text-align:center;font-size:55px;line-height:35px;font-weight:200;font-style:normal;font-family:-apple-system,BlinkMacSystemFont,\"Segoe UI\",Roboto,Oxygen-Sans,Ubuntu,Cantarell,\"Helvetica Neue\",sans-serif, \"Apple Color Emoji\", \"Segoe UI Emoji\", \"Segoe UI Symbol\";text-transform:none;text-shadow:3px 3px 3px rgba(0,0,0,0.55);}.wp-block-kadence-advancedheading.kt-adv-heading299_212162-2f mark.kt-highlight, .wp-block-kadence-advancedheading.kt-adv-heading299_212162-2f[data-kb-block=\"kb-adv-heading299_212162-2f\"] mark.kt-highlight{font-style:normal;color:#f76a0c;-webkit-box-decoration-break:clone;box-decoration-break:clone;padding-top:0px;padding-right:0px;padding-bottom:0px;padding-left:0px;}.wp-block-kadence-advancedheading.kt-adv-heading299_212162-2f img.kb-inline-image, .wp-block-kadence-advancedheading.kt-adv-heading299_212162-2f[data-kb-block=\"kb-adv-heading299_212162-2f\"] img.kb-inline-image{width:150px;vertical-align:baseline;}@media all and (max-width: 1024px){.wp-block-kadence-advancedheading.kt-adv-heading299_212162-2f, .wp-block-kadence-advancedheading.kt-adv-heading299_212162-2f[data-kb-block=\"kb-adv-heading299_212162-2f\"]{text-shadow:3px 3px 3px rgba(0,0,0,0.55);}}@media all and (max-width: 767px){.wp-block-kadence-advancedheading.kt-adv-heading299_212162-2f, .wp-block-kadence-advancedheading.kt-adv-heading299_212162-2f[data-kb-block=\"kb-adv-heading299_212162-2f\"]{text-shadow:3px 3px 3px rgba(0,0,0,0.55);}}<\/style>\n<h2 class=\"kt-adv-heading299_212162-2f wp-block-kadence-advancedheading has-theme-palette-9-color has-text-color\" data-kb-block=\"kb-adv-heading299_212162-2f\">Termine<\/h2>\n<\/div><\/div>\n\n<\/div><\/div>\n\n<style>.kb-row-layout-id299_d6bbc3-e1 > .kt-row-column-wrap{align-content:start;}:where(.kb-row-layout-id299_d6bbc3-e1 > .kt-row-column-wrap) > .wp-block-kadence-column{justify-content:start;}.kb-row-layout-id299_d6bbc3-e1 > .kt-row-column-wrap{column-gap:var(--global-kb-gap-md, 2rem);row-gap:var(--global-kb-gap-md, 2rem);padding-top:var(--global-kb-spacing-sm, 1.5rem);padding-bottom:var(--global-kb-spacing-sm, 1.5rem);grid-template-columns:minmax(0, 1fr);}.kb-row-layout-id299_d6bbc3-e1 > .kt-row-layout-overlay{opacity:0.30;}@media all and (max-width: 1024px){.kb-row-layout-id299_d6bbc3-e1 > .kt-row-column-wrap{grid-template-columns:minmax(0, 1fr);}}@media all and (max-width: 767px){.kb-row-layout-id299_d6bbc3-e1 > .kt-row-column-wrap{grid-template-columns:minmax(0, 1fr);}}<\/style><div class=\"kb-row-layout-wrap kb-row-layout-id299_d6bbc3-e1 alignnone wp-block-kadence-rowlayout\"><div class=\"kt-row-column-wrap kt-has-1-columns kt-row-layout-equal kt-tab-layout-inherit kt-mobile-layout-row kt-row-valign-top\">\n<style>.kadence-column299_c3de23-38 > .kt-inside-inner-col{padding-top:0px;padding-right:0px;padding-bottom:50px;padding-left:0px;}.kadence-column299_c3de23-38 > .kt-inside-inner-col,.kadence-column299_c3de23-38 > .kt-inside-inner-col:before{border-top-left-radius:0px;border-top-right-radius:0px;border-bottom-right-radius:0px;border-bottom-left-radius:0px;}.kadence-column299_c3de23-38 > .kt-inside-inner-col{column-gap:var(--global-kb-gap-sm, 1rem);}.kadence-column299_c3de23-38 > .kt-inside-inner-col{flex-direction:column;}.kadence-column299_c3de23-38 > .kt-inside-inner-col > .aligncenter{width:100%;}.kadence-column299_c3de23-38 > .kt-inside-inner-col:before{opacity:0.3;}.kadence-column299_c3de23-38{position:relative;}.kadence-column299_c3de23-38, .kt-inside-inner-col > .kadence-column299_c3de23-38:not(.specificity){margin-top:0px;margin-right:0px;margin-bottom:0px;margin-left:0px;}@media all and (max-width: 1024px){.kadence-column299_c3de23-38 > .kt-inside-inner-col{flex-direction:column;justify-content:center;}}@media all and (max-width: 767px){.kadence-column299_c3de23-38 > .kt-inside-inner-col{padding-top:0px;padding-right:0px;padding-bottom:0px;padding-left:0px;flex-direction:column;justify-content:center;}.kadence-column299_c3de23-38, .kt-inside-inner-col > .kadence-column299_c3de23-38:not(.specificity){margin-top:0px;margin-right:0px;margin-bottom:0px;margin-left:0px;}}<\/style>\n<div class=\"wp-block-kadence-column kadence-column299_c3de23-38 kb-section-dir-vertical inner-column-1\"><div class=\"kt-inside-inner-col\">\n<h2 id=\"tablepress-5-name\" class=\"tablepress-table-name tablepress-table-name-id-5\">Veranstaltungen<\/h2>\n\n<table id=\"tablepress-5\" class=\"tablepress tablepress-id-5\" aria-labelledby=\"tablepress-5-name\">\n<thead>\n<tr class=\"row-1\">\n\t<th class=\"column-1\">Datum<\/th><th class=\"column-2\">Veranstaltung <br \/>\n<\/th><th class=\"column-3\">Organisation <br \/>\n<\/th>\n<\/tr>\n<\/thead>\n<tbody class=\"row-striping row-hover\">\n<tr class=\"row-2\">\n\t<td class=\"column-1\">24. Apr. 2026<br \/>\n19:00 Uhr<\/td><td class=\"column-2\"><b>5. Schiffertisch:<\/b><br \/>\nReisebericht von Viktoria und Thomas Heidemnn<br \/>\n\"Von Laboe nach Finnland und zur\u00fcck\"<\/td><td class=\"column-3\">Viktoria &amp; Thomas<br \/>\nHeidemann<\/td>\n<\/tr>\n<tr class=\"row-3\">\n\t<td class=\"column-1\">09. Mai 2026<\/td><td class=\"column-2\"><b>ANSEGELN<\/b><br \/>\n\u2022 Programm ab 11:00 Uhr, kurze Steuermannsbesprechung vor dem Clubheim<br \/>\n\u2022 Flaggenzeremonie am Flaggenmast<br \/>\n<\/td><td class=\"column-3\">Fahrtenteam<\/td>\n<\/tr>\n<tr class=\"row-4\">\n\t<td class=\"column-1\">23. bis 25. Mai 2026<\/td><td class=\"column-2\"><b>PFINGSTT\u00d6RN<\/b> nach Grauh\u00f6ft<br \/>\n<\/td><td class=\"column-3\">Fahrtenteam<\/td>\n<\/tr>\n<tr class=\"row-5\">\n\t<td class=\"column-1\">19. Sep. 2026<\/td><td class=\"column-2\"><b>46. Ehrenmalpokal<\/b> \u2013 Regatta des YCLa<br \/>\nYardstick, Folkeboot und Einheitsklassen,<br \/>\nmit Wertung f\u00fcr den F\u00f6rde-Cup<br \/>\n<\/td><td class=\"column-3\">Regattawart<\/td>\n<\/tr>\n<tr class=\"row-6\">\n\t<td class=\"column-1\">26. Sep. 2026<\/td><td class=\"column-2\"><b>Absegeln<\/b><br \/>\nin der Kieler F\u00f6rde<br \/>\n<\/td><td class=\"column-3\">Fahrtenteam<\/td>\n<\/tr>\n<\/tbody>\n<tfoot>\n<tr class=\"row-7\">\n\t<th class=\"column-1\">Datum<\/th><th class=\"column-2\">Veranstaltung<\/th><th class=\"column-3\">Organisation<\/th>\n<\/tr>\n<\/tfoot>\n<\/table>\n<!-- #tablepress-5 from cache -->\nReservierungs-\/ \u00c4nderungsw\u00fcnsche an: schriftwart@yachtclub-laboe.de || Helfried K\u00e4hler\n<\/div><\/div>\n\n<\/div><\/div>\n\n<style>.kb-row-layout-wrap.wp-block-kadence-rowlayout.kb-row-layout-id299_564d1a-50{margin-top:-50px;margin-bottom:0px;}.kb-row-layout-id299_564d1a-50 > .kt-row-column-wrap{align-content:start;}:where(.kb-row-layout-id299_564d1a-50 > .kt-row-column-wrap) > .wp-block-kadence-column{justify-content:start;}.kb-row-layout-id299_564d1a-50 > .kt-row-column-wrap{column-gap:var(--global-kb-gap-md, 2rem);row-gap:var(--global-kb-gap-md, 2rem);padding-top:77px;padding-right:0px;padding-bottom:95px;padding-left:0px;grid-template-columns:minmax(0, 1fr);}.kb-row-layout-id299_564d1a-50{background-image:url('https:\/\/www.yachtclub-laboe.de\/root\/wp-content\/uploads\/2018\/08\/Ankerlieger.jpg');background-size:cover;background-position:52% 85%;background-attachment:scroll;background-repeat:no-repeat;}.kb-row-layout-id299_564d1a-50 > .kt-row-layout-overlay{opacity:0.30;}@media all and (max-width: 1024px){.kb-row-layout-id299_564d1a-50 > .kt-row-column-wrap{grid-template-columns:minmax(0, 1fr);}}@media all and (max-width: 767px){.kb-row-layout-id299_564d1a-50 > .kt-row-column-wrap{grid-template-columns:minmax(0, 1fr);}}<\/style><div class=\"kb-row-layout-wrap kb-row-layout-id299_564d1a-50 alignfull kt-row-has-bg wp-block-kadence-rowlayout\"><div class=\"kt-row-column-wrap kt-has-1-columns kt-row-layout-equal kt-tab-layout-inherit kt-mobile-layout-row kt-row-valign-top\">\n<style>.kadence-column299_ab35b3-ff > .kt-inside-inner-col,.kadence-column299_ab35b3-ff > .kt-inside-inner-col:before{border-top-left-radius:0px;border-top-right-radius:0px;border-bottom-right-radius:0px;border-bottom-left-radius:0px;}.kadence-column299_ab35b3-ff > .kt-inside-inner-col{column-gap:var(--global-kb-gap-sm, 1rem);}.kadence-column299_ab35b3-ff > .kt-inside-inner-col{flex-direction:column;}.kadence-column299_ab35b3-ff > .kt-inside-inner-col > .aligncenter{width:100%;}.kadence-column299_ab35b3-ff > .kt-inside-inner-col:before{opacity:0.3;}.kadence-column299_ab35b3-ff{position:relative;}@media all and (max-width: 1024px){.kadence-column299_ab35b3-ff > .kt-inside-inner-col{flex-direction:column;justify-content:center;}}@media all and (max-width: 767px){.kadence-column299_ab35b3-ff > .kt-inside-inner-col{flex-direction:column;justify-content:center;}}<\/style>\n<div class=\"wp-block-kadence-column kadence-column299_ab35b3-ff inner-column-1\"><div class=\"kt-inside-inner-col\"><\/div><\/div>\n\n<\/div><\/div>\n\n<style>.kb-row-layout-id299_270d30-1a > .kt-row-column-wrap{align-content:start;}:where(.kb-row-layout-id299_270d30-1a > .kt-row-column-wrap) > .wp-block-kadence-column{justify-content:start;}.kb-row-layout-id299_270d30-1a > .kt-row-column-wrap{column-gap:var(--global-kb-gap-md, 2rem);row-gap:var(--global-kb-gap-md, 2rem);padding-top:var(--global-kb-spacing-sm, 1.5rem);padding-bottom:var(--global-kb-spacing-sm, 1.5rem);grid-template-columns:minmax(0, 1fr);}.kb-row-layout-id299_270d30-1a > .kt-row-layout-overlay{opacity:0.30;}@media all and (max-width: 1024px){.kb-row-layout-id299_270d30-1a > .kt-row-column-wrap{grid-template-columns:minmax(0, 1fr);}}@media all and (max-width: 767px){.kb-row-layout-id299_270d30-1a > .kt-row-column-wrap{grid-template-columns:minmax(0, 1fr);}}<\/style><div class=\"kb-row-layout-wrap kb-row-layout-id299_270d30-1a alignnone wp-block-kadence-rowlayout\"><div class=\"kt-row-column-wrap kt-has-1-columns kt-row-layout-equal kt-tab-layout-inherit kt-mobile-layout-row kt-row-valign-top\">\n<style>.kadence-column299_b4c106-bf > .kt-inside-inner-col,.kadence-column299_b4c106-bf > .kt-inside-inner-col:before{border-top-left-radius:0px;border-top-right-radius:0px;border-bottom-right-radius:0px;border-bottom-left-radius:0px;}.kadence-column299_b4c106-bf > .kt-inside-inner-col{column-gap:var(--global-kb-gap-sm, 1rem);}.kadence-column299_b4c106-bf > .kt-inside-inner-col{flex-direction:column;}.kadence-column299_b4c106-bf > .kt-inside-inner-col > .aligncenter{width:100%;}.kadence-column299_b4c106-bf > .kt-inside-inner-col:before{opacity:0.3;}.kadence-column299_b4c106-bf{position:relative;}@media all and (max-width: 1024px){.kadence-column299_b4c106-bf > .kt-inside-inner-col{flex-direction:column;justify-content:center;}}@media all and (max-width: 767px){.kadence-column299_b4c106-bf > .kt-inside-inner-col{flex-direction:column;justify-content:center;}}<\/style>\n<div class=\"wp-block-kadence-column kadence-column299_b4c106-bf\"><div class=\"kt-inside-inner-col\">\n<div class=\"_df_book df-lite\" id=\"df_3526\"  _slug=\"3526\" data-title=\"sommersaisonprogramm\" wpoptions=\"true\" thumbtype=\"\" ><\/div><script class=\"df-shortcode-script\" nowprocket type=\"application\/javascript\">window.option_df_3526 = {\"outline\":[],\"backgroundColor\":\"transparent\",\"autoEnableOutline\":\"false\",\"autoEnableThumbnail\":\"false\",\"overwritePDFOutline\":\"false\",\"direction\":\"1\",\"pageSize\":\"0\",\"source\":\"https:\\\/\\\/www.yachtclub-laboe.de\\\/root\\\/wp-content\\\/uploads\\\/2026\\\/03\\\/Programm_Sommer_26.pdf\",\"wpOptions\":\"true\"}; if(window.DFLIP && window.DFLIP.parseBooks){window.DFLIP.parseBooks();}<\/script> \n<\/div><\/div>\n\n<\/div><\/div>","protected":false},"excerpt":{"rendered":"<p>Termine Reservierungs-\/ \u00c4nderungsw\u00fcnsche an: schriftwart@yachtclub-laboe.de || Helfried K\u00e4hler<\/p>\n","protected":false},"author":1,"featured_media":0,"parent":0,"menu_order":0,"comment_status":"closed","ping_status":"closed","template":"","meta":{"_kad_blocks_custom_css":"","_kad_blocks_head_custom_js":"","_kad_blocks_body_custom_js":"","_kad_blocks_footer_custom_js":"","ngg_post_thumbnail":0,"_kad_post_transparent":"","_kad_post_title":"","_kad_post_layout":"","_kad_post_sidebar_id":"","_kad_post_content_style":"","_kad_post_vertical_padding":"","_kad_post_feature":"","_kad_post_feature_position":"","_kad_post_header":false,"_kad_post_footer":false,"_kad_post_classname":"","footnotes":""},"class_list":["post-299","page","type-page","status-publish","hentry"],"taxonomy_info":[],"featured_image_src_large":false,"author_info":{"display_name":"kaehler","author_link":"https:\/\/www.yachtclub-laboe.de\/root\/author\/kaehler\/"},"comment_info":0,"_links":{"self":[{"href":"https:\/\/www.yachtclub-laboe.de\/root\/wp-json\/wp\/v2\/pages\/299","targetHints":{"allow":["GET"]}}],"collection":[{"href":"https:\/\/www.yachtclub-laboe.de\/root\/wp-json\/wp\/v2\/pages"}],"about":[{"href":"https:\/\/www.yachtclub-laboe.de\/root\/wp-json\/wp\/v2\/types\/page"}],"author":[{"embeddable":true,"href":"https:\/\/www.yachtclub-laboe.de\/root\/wp-json\/wp\/v2\/users\/1"}],"replies":[{"embeddable":true,"href":"https:\/\/www.yachtclub-laboe.de\/root\/wp-json\/wp\/v2\/comments?post=299"}],"version-history":[{"count":31,"href":"https:\/\/www.yachtclub-laboe.de\/root\/wp-json\/wp\/v2\/pages\/299\/revisions"}],"predecessor-version":[{"id":3626,"href":"https:\/\/www.yachtclub-laboe.de\/root\/wp-json\/wp\/v2\/pages\/299\/revisions\/3626"}],"wp:attachment":[{"href":"https:\/\/www.yachtclub-laboe.de\/root\/wp-json\/wp\/v2\/media?parent=299"}],"curies":[{"name":"wp","href":"https:\/\/api.w.org\/{rel}","templated":true}]}}